{"id":2,"date":"2018-12-06T15:38:57","date_gmt":"2018-12-06T14:38:57","guid":{"rendered":"https:\/\/voyage-guadeloupe.fr\/locations\/?page_id=2"},"modified":"2022-07-18T19:38:18","modified_gmt":"2022-07-18T17:38:18","slug":"page-d-exemple","status":"publish","type":"page","link":"https:\/\/voyage-guadeloupe.fr\/locations\/","title":{"rendered":"Location maison en Guadeloupe"},"content":{"rendered":"<h2>Location de vacances en Guadeloupe par ville<\/h2>\n<div class=\"d-flex flex-wrap\">\n<div class=\"col-12 col-md-4\">\n<h3>Grande-Terre<\/h3>\n<p><a href=\"https:\/\/voyage-guadeloupe.fr\/locations\/saint-francois\">Location Saint-Fran\u00e7ois<\/a><br \/>\n<a href=\"https:\/\/voyage-guadeloupe.fr\/locations\/sainte-anne\">Location Sainte-Anne<\/a><br \/>\nLe Moule<br \/>\nLes Abymes<br \/>\nAnse-Bertrand<br \/>\n<a href=\"https:\/\/voyage-guadeloupe.fr\/locations\/le-gosier\">Location Le Gosier<\/a><br \/>\nMorne-\u00e0-l'Eau<br \/>\nPetit-Canal<br \/>\nPointe-\u00e0-Pitre<br \/>\nPort-Louis<\/p>\n<\/div>\n<div class=\"col-12 col-md-4\">\n<h3>Basse-Terre<\/h3>\n<p><a href=\"https:\/\/voyage-guadeloupe.fr\/locations\/pointe-noire\">Location Pointe-Noire<\/a><br \/>\n<a href=\"https:\/\/voyage-guadeloupe.fr\/locations\/deshaies\">Location Deshaies<\/a><br \/>\nBouillante<br \/>\nBaie-Mahault<br \/>\nBaillif<br \/>\nBasse-Terre<br \/>\nCapesterre-Belle-Eau<br \/>\nGourbeyre<br \/>\nGoyave<br \/>\nLamentin<br \/>\n<a href=\"https:\/\/voyage-guadeloupe.fr\/locations\/petit-bourg\">Location Petit-Bourg<\/a><br \/>\nSaint-Claude<br \/>\n<a href=\"https:\/\/voyage-guadeloupe.fr\/locations\/sainte-rose\">Location Sainte-Rose<\/a><br \/>\nTrois-Rivi\u00e8res<br \/>\nVieux-Fort<br \/>\n<a href=\"https:\/\/voyage-guadeloupe.fr\/locations\/vieux-habitants\">Location Vieux-Habitants<\/a><\/p>\n<\/div>\n<div class=\"col-12 col-md-4\">\n<h3>Marie-Galante<\/h3>\n<p>Capesterre-de-Marie-Galante<br \/>\nGrand-Bourg<br \/>\nSaint-Louis<\/p>\n<h3>Les Saintes<\/h3>\n<p>Terre-De-Bas<br \/>\nTerre-De-Haut<\/p>\n<\/div>\n<\/div>\n<h2>Quelle location saisonni\u00e8re en Guadeloupe\u202f?<\/h2>\n<p>Une fois la destination choisie, reste \u00e0 r\u00e9server un h\u00e9bergement de vacances. En Guadeloupe, l'offre de location saisonni\u00e8re est cons\u00e9quente, \u00e0 tel point que vous \u00eates en droit de vous demander pour quel type d'h\u00e9bergement opter : h\u00f4tel, appartement, bungalow, villa ?<\/p>\n<p>Location saisonni\u00e8re en Guadeloupe et location vacances en Guadeloupe sont des termes identiques, tr\u00e8s souvent utilis\u00e9s par les vacanciers. C'est pour cette raison que vous les retrouverez sans distinction sur le site.<\/p>\n<p>Sur le site, vous retrouverez essentiellement 3 types de location de vacances :<\/p>\n<ul>\n<li>Appartement (particulier ou dans une r\u00e9sidence de vacances)<\/li>\n<li>Bungalow (\u00e0 ne pas confondre avec les mobil-homes)<\/li>\n<li>Villa et \/ ou maison<\/li>\n<\/ul>\n<p>Voici une rapide pr\u00e9sentation de chaque type en essayant d'\u00eatre le plus objectif possible.<\/p>\n<h3>Location de villa en Guadeloupe<\/h3>\n<p>La location de villa en Guadeloupe est la demande la plus forte de la part des vacanciers. Il faut dire qu'elle offre de nombreux avantages comme : une surface plus grande, un ext\u00e9rieur accessible pour d\u00e9jeuner ou se d\u00e9tendre, la possibilit\u00e9 d'avoir une piscine priv\u00e9e, une capacit\u00e9 d'accueil plus importante, plusieurs chambres, plusieurs salles de bain...<\/p>\n<p>La contrepartie, c'est que les disponibilit\u00e9s partent rapidement, les prix sont parfois plus \u00e9lev\u00e9s surtout si vous optez pour une location de vacances de Luxe en Guadeloupe.<\/p>\n<p style=\"text-align: center;\"><span class=\"btn btn-info\"><a href=\"https:\/\/voyage-guadeloupe.fr\/locations\/villa\">Location villa Guadeloupe<\/a><\/span><\/p>\n<h3>Location d'appartement en Guadeloupe<\/h3>\n<p>L'appartement est le logement saisonnier en Guadeloupe le moins on\u00e9reux \u00e0 prestations \u00e9quivalentes. Il faut distinguer 2 types d'appartement, celui dans une r\u00e9sidence particuli\u00e8re et celui dans une r\u00e9sidence de vacances. Il vous offrira tout le confort que peut vous offrir une villa, il vous donnera m\u00eame acc\u00e8s \u00e0 des services suppl\u00e9mentaires (grande piscine, toboggan, laverie, bar, snack...) si vous d\u00e9cidez de louer un appartement en r\u00e9sidence de vacances.\u00a0 En r\u00e9sidence particuli\u00e8re, il sera souvent un peu moins cher, donc parfais pour celles et ceux qui souhaitent aller \u00e0 l'essentiel.<\/p>\n<p>La contrepartie, vous devrez partager une partie des installations (piscine collective), accepter d'avoir un peu moins d'intimit\u00e9 et d'espace ext\u00e9rieur privatis\u00e9.<\/p>\n<p style=\"text-align: center;\"><span class=\"btn btn-info\"><a href=\"https:\/\/voyage-guadeloupe.fr\/locations\/appartement\">Location appartement Guadeloupe<\/a><\/span><\/p>\n<h3>Location d'un bungalow en Guadeloupe<\/h3>\n<p>Le bungalow est une location en Guadeloupe \u00e0 ne surtout pas n\u00e9gliger. Nous sommes bien loin des vieux mobil-homes de vos souvenirs, ici, nous sommes plus proches de petits chalets ou maisons avec absolument tout le confort possible. Cette location de vacances souvent m\u00e9connue se retrouve aussi parfois sous le terme de \"lodge en Guadeloupe\" et m\u00e9rite vraiment de s'y int\u00e9resser. Aussi confortable qu'une villa, tout aussi bien \u00e9quip\u00e9, avec piscine priv\u00e9e et le tout pour moins cher que la location d'une villa.<\/p>\n<p style=\"text-align: center;\"><span class=\"btn btn-info\"><a href=\"https:\/\/voyage-guadeloupe.fr\/locations\/bungalow\">Location bungalow Guadeloupe<\/a><\/span><\/p>\n<h2>Location saisonni\u00e8re en Guadeloupe : comment bien choisir ?<\/h2>\n<h3>Prix d'une location vacances Guadeloupe<\/h3>\n<p>Un voyage dans les Antilles a un certain co\u00fbt, c'est pour cette raison que nous vous recommandons de d\u00e9finir un budget global de voyage, puis un budget pour chaque poste de d\u00e9pense. Car se faire plaisir sur une belle villa, c'est g\u00e9nial, mais n'oubliez pas qu'il vous faudra aussi acheter les billets d'avions, louer une voiture, des activit\u00e9s, vous restaurer...<\/p>\n<p>Le prix d'une location peut varier selon de nombreux crit\u00e8res comme :<\/p>\n<ul>\n<li>Le type de location saisonni\u00e8re (villa, appartement, lodge, bungalow).<\/li>\n<li>Le standing de la location : la <a href=\"https:\/\/voyage-guadeloupe.fr\/locations\/luxe-prestige\">villa de luxe en Guadeloupe<\/a> est forc\u00e9ment plus ch\u00e8re qu'un appartement plus modeste.<\/li>\n<li>La commune de votre h\u00e9bergement. Certaines sont plus pris\u00e9es comme Sainte-Anne, Saint-Fran\u00e7ois, Deshaies, Pointe-Noire, Les Saintes, Marie-Galante\u2026<\/li>\n<li>Les prestations : un logement saisonnier avec sa propre piscine, une vue sur la mer des cara\u00efbes, la climatisation dans toutes les chambres.<\/li>\n<li>Les dates de votre s\u00e9jour, si en saison haute, pendant les vacances scolaires<\/li>\n<li>la capacit\u00e9 de la maison (6 personnes, 8, 10, 12...)<\/li>\n<li>Le nombre de chambres et le nombre de lits (simples, double, queen, kingsize)<\/li>\n<li>Le nombre de salles de bain ou salles d'eau<\/li>\n<\/ul>\n<p>Sur le site, le tarif est indiqu\u00e9 \u00e0 la semaine et non un prix par nuit. La raison est simple, la quasi-totalit\u00e9 des propri\u00e9taires n'accepte pas de location \u00e0 moins de 6 nuits ou 7 nuits.<\/p>\n<h3>O\u00f9 louer un h\u00e9bergement saisonnier en Guadeloupe pour ses vacances\u202f?<\/h3>\n<p>Il n'y a ni bonne ni mauvaise r\u00e9ponse, cela d\u00e9pend de ce que chacun recherche. Gardez \u00e0 l'esprit que la Guadeloupe ce n'est pas UNE mais des \u00eeles. Vous avez l'\u00eele \"principale\" qui se divise en Grande-Terre (la partie droite du papillon), souvent consid\u00e9r\u00e9e comme plus touristique avec des communes tr\u00e8s pl\u00e9biscit\u00e9es comme Saint-Fran\u00e7ois, Sainte-Anne, Le Gosier, Le Moule... La partie gauche, c'est Basse-Terre, un peu plus sauvage, plus verte avec des endroits sublimes comme \u00e0 Sainte-Rose, Deshaies, Pointe-Noire, Bouillante\u2026 \u00c0 privil\u00e9gier pour les amoureux de randonn\u00e9es, qui ne manqueront pas de grimper jusqu'au sommet de la soufri\u00e8re.<\/p>\n<p>Vous pouvez \u00e9galement trouver une location \u00e0 Marie-Galante sur les communes de Saint-Louis, grand-Bourg, Capesterre-de-marie-galante... Vous y trouverez un charme et une ambiance particuli\u00e8re. \u00c0 noter quand m\u00eame qu'il vous faudra emprunter le bateau plus r\u00e9guli\u00e8rement si vous souhaitez d\u00e9couvrir d'autres choses.<\/p>\n<p>Une location sur Les Saintes en Guadeloupe est aussi possible, vous avez le choix entre Terre-de-haut et Terre-de-bas.<\/p>\n<p>La D\u00e9sirade dispose aussi de quelques h\u00e9bergements de vacances qui raviront celles et ceux qui recherchent calme et nature.<\/p>\n<p>Choisissez la localisation en fonction de votre programme, si vous passez une semaine en Guadeloupe, peut-\u00eatre opter pour Basse-Terre et faire tout ce qu'il y a \u00e0 Basse-Terre. Les trajets pour travers l'\u00eele peuvent \u00eatre longs. Si vous ne souhaitez pas utiliser la voiture, trouver une villa de vacances ou un bungalow \u00e0 proximit\u00e9 des plages et des commodit\u00e9s.<\/p>\n<h2>Nos conseils pour trouver votre location en Guadeloupe au meilleur prix<\/h2>\n<p>Un conseil, reste un conseil et non une v\u00e9rit\u00e9 absolue \u00e0 suivre. Ceux qui suivent sont issus de notre propre exp\u00e9rience lors de nos r\u00e9servations pour nos s\u00e9jours, passez sur l'\u00eele. En esp\u00e9rant qu'ils puissent vous \u00eatre utiles \u00e9galement :<\/p>\n<ul>\n<li><strong>Pas de frais suppl\u00e9mentaires :<\/strong> certaines plateformes facture des frais de services, de dossiers, de gestions... ce qui augmente encore le co\u00fbt de votre s\u00e9jour. Sur Voyage-Guadeloupe, rien de tout \u00e7a, c'est totalement GRATUIT pour nos heureux vacanciers.<\/li>\n<li><strong>Attention aux sites d'annonces gratuits :<\/strong> malheureusement, ces derni\u00e8res ann\u00e9es les arnaque \u00e0 la location de vacances grimpent en fl\u00e8che. Rien de plus facile quand n'importe qui peut d\u00e9poser n'importe quoi. Ici, c'est diff\u00e9rent, les propri\u00e9taires sont v\u00e9rifi\u00e9s et payent une cotisation pour d\u00e9poser leurs annonces. De quoi partir r\u00e9server sereinement pour vous.<\/li>\n<li><strong>R\u00e9server sa location en Guadeloupe t\u00f4t :<\/strong> la r\u00e8gle est simple, premier arriv\u00e9, premier servi. Plus vous anticipez, plus vous avez les meilleures locations aux meilleurs prix. Quand on dit t\u00f4t, c'est plus mois \u00e0 l'avance, voire plus d'un an.<\/li>\n<li><strong>\u00c9viter les tr\u00e8s hautes saisons :<\/strong> plus il y a de la demande, plus les prix grimpent, donc si vous avez la chance de pouvoir \u00e9viter les p\u00e9riodes de No\u00ebl, les vacances scolaires, profitez-en. En plein mois de janvier, la m\u00e9t\u00e9o est optimale et vous aurez moins de monde.<\/li>\n<\/ul>\n","protected":false},"excerpt":{"rendered":"<p>Location de vacances en Guadeloupe par ville Grande-Terre Location Saint-Fran\u00e7ois Location Sainte-Anne Le Moule Les Abymes Anse-Bertrand Location Le Gosier Morne-\u00e0-l&rsquo;Eau Petit-Canal Pointe-\u00e0-Pitre Port-Louis Basse-Terre Location Pointe-Noire Location Deshaies Bouillante Baie-Mahault Baillif Basse-Terre Capesterre-Belle-Eau Gourbeyre Goyave Lamentin Location Petit-Bourg Saint-Claude Location Sainte-Rose Trois-Rivi\u00e8res Vieux-Fort Location Vieux-Habitants Marie-Galante Capesterre-de-Marie-Galante Grand-Bourg Saint-Louis Les Saintes Terre-De-Bas Terre-De-Haut Quelle&#8230;<\/p>\n","protected":false},"author":1,"featured_media":235,"parent":0,"menu_order":0,"comment_status":"closed","ping_status":"open","template":"","meta":[],"acf":[],"_links":{"self":[{"href":"https:\/\/voyage-guadeloupe.fr\/locations\/wp-json\/wp\/v2\/pages\/2"}],"collection":[{"href":"https:\/\/voyage-guadeloupe.fr\/locations\/wp-json\/wp\/v2\/pages"}],"about":[{"href":"https:\/\/voyage-guadeloupe.fr\/locations\/wp-json\/wp\/v2\/types\/page"}],"author":[{"embeddable":true,"href":"https:\/\/voyage-guadeloupe.fr\/locations\/wp-json\/wp\/v2\/users\/1"}],"replies":[{"embeddable":true,"href":"https:\/\/voyage-guadeloupe.fr\/locations\/wp-json\/wp\/v2\/comments?post=2"}],"version-history":[{"count":14,"href":"https:\/\/voyage-guadeloupe.fr\/locations\/wp-json\/wp\/v2\/pages\/2\/revisions"}],"predecessor-version":[{"id":4997,"href":"https:\/\/voyage-guadeloupe.fr\/locations\/wp-json\/wp\/v2\/pages\/2\/revisions\/4997"}],"wp:featuredmedia":[{"embeddable":true,"href":"https:\/\/voyage-guadeloupe.fr\/locations\/wp-json\/wp\/v2\/media\/235"}],"wp:attachment":[{"href":"https:\/\/voyage-guadeloupe.fr\/locations\/wp-json\/wp\/v2\/media?parent=2"}],"curies":[{"name":"wp","href":"https:\/\/api.w.org\/{rel}","templated":true}]}}